
8
Let m = 1398 + -887. What is the highest common divisor of 146 and m?
73
Let r(a) = 2828*a**3 - 34*a**2 + 69*a + 1. Let f be r(2). Calculate the greatest common factor of 242 and f.
121
Suppose 10*y + 5*j - 760 = 0, y + 4*y - 373 = j. Calculate the highest common divisor of 345 and y.
15
Suppose 0 = -26*i - 450 + 5139 + 2461. Let k(q) = q**2 + 6*q - 5. Let r be k(-8). Calculate the greatest common factor of r and i.
11
Suppose -99*m - 224 = -103*m. Let u = 95 + -86. Suppose 6 - u = -v, 2*l - v = 53. What is the greatest common divisor of l and m?
28
Let w = -737 - -741. Let l be (41 - w) + 3/(-1). Let j be (-3)/(3/(-6) + -1). Calculate the highest common factor of l and j.
2
Suppose 0 = 5*w - 4 - 39 + 28. What is the greatest common factor of w and 4377?
3
Let q = -157 - -37. Let u = 177 + q. Let i = -33 + u. What is the greatest common divisor of 18 and i?
6
Let p(u) = -21*u - 21. Let z(m) = m + 2. Let l(k) = p(k) + 5*z(k). Let q be l(-1). Calculate the highest common factor of 195 and q.
5
Let w = 88 - 118. Let v = -9 - w. Suppose -11*f - 80 = -v*f. What is the highest common divisor of 72 and f?
8
Suppose 186*o + 15*o - 1286400 = 0. Calculate the greatest common divisor of 256 and o.
256
Suppose -121*j = -19*j - 11934. What is the highest common factor of 871 and j?
13
Suppose -451*f + 1272 = -1885. Let j = 70 + -49. What is the greatest common factor of j and f?
7
Let u = 30 + -25. Suppose 4*q + 3*z = -15, -5 = -u*q + q + z. Suppose 2*m - 5*x - 265 = q, 0 = -3*x + 3. Calculate the highest common factor of m and 15.
15
Let a = -17 + 22. Let k = 8 - a. Suppose r + 4*r - 225 = -k*w, 0 = r + w - 45. Calculate the greatest common divisor of 18 and r.
9
Let m = -23 - -24. Suppose 2*a = -2*l + 4, -3*a - m + 3 = l. Suppose a = -q + 2*w + 3*w + 7, 3*w - 15 = 0. What is the greatest common divisor of q and 288?
32
Let i = -25 + 29. Let y(b) = -10*b + 47. Let f be y(i). Let g = 56 - 35. What is the greatest common factor of f and g?
7
Suppose -2*o - 3*o = -u - 19, u = 4*o - 15. Suppose -79*b + 74*b + 5*g + 465 = 0, -4*b + g + 369 = 0. What is the highest common divisor of o and b?
4
Let k = 2261 - 2051. What is the greatest common divisor of 616 and k?
14
Let m be 632/(-6)*(-6)/4. Let d = 383 - m. Let p = 6780 - 6755. What is the highest common factor of d and p?
25
Let c = -1687 - -7319. What is the highest common factor of c and 11?
11
Let i = -506714 - -506776. Let p(a) = 23*a**2 - 3*a - 2. Let f be p(5). What is the greatest common factor of f and i?
62
Let i be 71 + 0 + 2 + (-2)/2. Suppose -40 - i = -4*j. What is the greatest common factor of 308 and j?
28
Let p(l) = 0*l - 2*l + l**3 - 6*l - 8 + 1. Let i(m) = m**3 + 11*m**2 + 15*m - 23. Let w be i(-9). Let b be p(w). What is the greatest common factor of b and 5?
5
Suppose 1084 - 3355 = -24*h + 3345. Calculate the greatest common factor of h and 156.
78
Suppose -17*j + 15429 = -9867. Suppose -j = 23*x - 31*x. What is the highest common factor of 465 and x?
93
Suppose -18*b + 3359 + 4809 = -112. Suppose 0 = 3*z + 5*m - 195, 48 = z - 2*m - 2*m. Calculate the highest common divisor of z and b.
20
Suppose -q = q + 5*h - 35, 0 = -q + h. Let n be (-6)/(-12) + (-45)/(-10). Calculate the highest common divisor of q and n.
5
Let h(c) = 8*c**2 - 75*c - 296. Let z be h(-4). What is the highest common divisor of z and 33?
33
Let w be ((-16)/10)/(96/(-240)). Suppose 5*z - 7 = -2*h + 29, 2*z = -w*h + 72. Let d be -27*1*32/(-6). What is the highest common factor of d and h?
18
Suppose n - 84 = 3*n. Let w be 2/(36/n)*-3. What is the highest common divisor of 371 and w?
7
Let b = -191 + 231. Suppose 7*d + b = 11*d. Let g(z) = -z**3 - 13*z**2 - 13*z - 2. Let k be g(-12). What is the highest common factor of d and k?
10
Let v = -5119 + 12958. What is the highest common factor of 117 and v?
117
Let x be (-21)/9 - 3/(-18)*2. Let q be (x*(-8)/(-4))/(-2). Suppose 0 = -q*f + 8*f - 462. Calculate the highest common factor of 11 and f.
11
Let x = 3374 - 3254. Calculate the greatest common divisor of 135 and x.
15
Let l = -41 - -38. Let j be (-3)/12*-4 - l. Let m(z) = z**3 - 3*z**2 - 6*z + 10. Let o be m(j). Calculate the greatest common divisor of o and 22.
2
Suppose -10*o - 624 = -62*o. Calculate the highest common divisor of o and 32.
4
Suppose -j - 3*z = -4*j - 42, 0 = -4*j + 5*z - 61. Let d be 4 + (-9)/(j/(-2)). Calculate the highest common factor of 34 and d.
2
Let x(t) = -21*t - 17. Let i be x(-3). Let s(z) = -z**3 - 10*z**2 + 7*z - 14. Let d be s(-11). Let c = i - d. Calculate the highest common divisor of 144 and c.
16
Suppose -7*k + 5*c = -489, -3*k - 25*c + 193 = -23*c. What is the greatest common divisor of 24455 and k?
67
Let k(d) be the first derivative of d**4/4 + 10*d**3 - 7*d**2 + 28*d + 121. Let u be k(-30). What is the highest common factor of u and 28?
28
Let a(d) = 7*d**2 + d - 105. Let j be a(-10). Let p be ((-10)/30)/((-3)/j). Calculate the greatest common divisor of p and 13.
13
Let o be (-1)/((-1)/7) + 0/(-1). Suppose -4*p = f - 4, -p + o = f - 0*f. Calculate the greatest common factor of f and 104.
8
Let x(f) be the second derivative of 11*f**4/12 + f**3/2 - f**2/2 - 2*f. Let i = -230 - -232. Let y be x(i). Calculate the greatest common factor of y and 7.
7
Let z be 6/5*95/(-30)*-15. Suppose 0 = 110*b - 114*b. Suppose -2*u - u = d - 113, 3*d + 3 = b. Calculate the highest common factor of z and u.
19
Let u be 1080/(-42)*(-28)/6. Let h be (-30)/u - 1*(-9)/4. Suppose -b - b + 3*q + 464 = 0, b - h*q - 230 = 0. What is the greatest common divisor of b and 14?
14
Suppose -2*f = 3*f - 2790. Let z be (-2581)/(-145) + (12/(-15) - -1). What is the greatest common divisor of f and z?
18
Let d(m) = 6*m**2 + 2*m - 9. Let y be d(3). Suppose -2*z + 402 = 2*p, 0 = 5*p - 4*z + y - 1047. Calculate the highest common factor of 150 and p.
50
Let t be (-16 - (-7299)/24) + 2/(-16). Suppose 2*r + a = 69, 3*r - a - 4*a - 71 = 0. What is the greatest common factor of r and t?
32
Let n(b) = -5*b - 74. Let s be n(-16). Suppose -w + 147 = s*w. What is the greatest common factor of 6 and w?
3
Let d = -17060 + 17893. Calculate the highest common divisor of 3808 and d.
119
Suppose 4*g - 71 = -3. Let n = 322 + -73. Let j = -164 + n. Calculate the greatest common divisor of g and j.
17
Let s(k) = k**2 + 30*k + 60. Let f be s(-28). Let u be 1 + (4 - 5) + 48/f. Let c(x) = -33*x. Let z be c(-4). What is the greatest common factor of u and z?
12
Suppose -1046 = -123*o + 110*o + 3855. What is the highest common divisor of o and 65?
13
Let z(i) = 247*i - 8 - 237*i - 42. Let r be z(8). Let k(t) = -2*t**3 - 2*t**2 + 6*t + 3. Let d be k(-4). Calculate the greatest common divisor of r and d.
15
Let f = 891 + -506. Let g = 38 - 3. What is the greatest common divisor of f and g?
35
Suppose -394*t + 3*x + 56 = -390*t, x = -4*t + 56. What is the highest common factor of t and 2954?
14
Let a = 109 - 19. Let y be (-2)/(-5) + ((-8)/(-30) - (-4)/(-6)). Suppose -g = y, 6*k - g = 3*k + a. Calculate the highest common factor of 5 and k.
5
Suppose -2*w = -3*w + 3*i + 8, 0 = -5*w + 4*i - 4. Let y be (6/(-3) + -7)/(6/w). Let o be 48/9 + (-2)/y. What is the highest common divisor of o and 5?
5
Suppose 3*a + 732 = 12*a + b, -2*a + 4*b + 150 = 0. What is the highest common divisor of a and 153?
9
Suppose 7*m = 5*t + 89, -5*t = -3*m - 7*t + 34. Suppose -5 = -5*s + 20. Suppose 11 = s*o - 169. What is the greatest common divisor of m and o?
12
Let l be ((-2574)/165)/(15/(-100)). What is the greatest common divisor of l and 3328?
104
Let p be -9*(4/12 + 20/(-2)). Let s = 13 + p. Calculate the highest common factor of s and 40.
20
Let z = 504 - 320. Calculate the greatest common divisor of z and 391.
23
Suppose -42 = i - 4*i + 3*f, -4*f = -5*i + 68. Let z be 2/6 - 2*(-952)/i. Calculate the highest common factor of z and 53.
53
Let q(x) = -x**3 + 67*x**2 - 248*x - 63. Let a be q(63). Calculate the greatest common factor of 2709 and a.
63
Suppose 23*d - 29*d = -12. Suppose 0 = -0*m - d*m + 640. Calculate the greatest common factor of 10 and m.
10
Let s be 4/12 + 520/6. Let g be (-6)/4*1608/(-36). Let d = s + g. Calculate the greatest common factor of d and 14.
14
Let c = 138 - -46. Let h = 282 - c. What is the highest common divisor of h and 42?
14
Supp